{"id":6,"date":"2015-08-23T20:57:25","date_gmt":"2015-08-23T18:57:25","guid":{"rendered":"http:\/\/xunilv.de\/?page_id=6"},"modified":"2015-08-23T20:57:25","modified_gmt":"2015-08-23T18:57:25","slug":"impressum-disclaimer","status":"publish","type":"page","link":"https:\/\/bahnsportpics.de\/?page_id=6","title":{"rendered":"Impressum \/ Disclaimer"},"content":{"rendered":"<h2>Angaben gem\u00e4\u00df \u00a7 5 TMG:<\/h2><p>Hermann Boxleitner<br><br>Deutschland<\/p><h2>Vertreten durch:<\/h2><p>Hermann Boxleitner<\/p><h2>Kontakt:<\/h2><table><tr><td>E-Mail: <\/td><td><img src='https:\/\/bahnsportpics.de\/wp-content\/plugins\/impressum-manager\/includes\/impressum\/impressum-manager-email-as-image.php?text=SpeedPics@gmx.de'><\/td><\/tr><\/table><p><h2>Quellenangaben f\u00fcr die verwendeten Bilder und Grafiken:<\/h2>Hermann Boxleitner<br><\/p><h2>Datenschutzerkl\u00e4rung:<\/h2><p><strong>Datenschutz<\/strong><\/p><p>Die Nutzung unserer Webseite ist in der Regel ohne Angabe personenbezogener Daten m\u00f6glich. Soweit auf unseren Seiten personenbezogene Daten (beispielsweise Name, Anschrift oder eMail-Adressen) erhoben werden, erfolgt dies, soweit m\u00f6glich, stets auf freiwilliger Basis. Diese Daten werden ohne Ihre ausdr\u00fcckliche Zustimmung nicht an Dritte weitergegeben. <\/p><p>Wir weisen darauf hin, dass die Daten\u00fcbertragung im Internet (z.B. bei der Kommunikation per E-Mail) Sicherheitsl\u00fccken aufweisen kann. Ein l\u00fcckenloser Schutz der Daten vor dem Zugriff durch Dritte ist nicht m\u00f6glich. <\/p><p>Der Nutzung von im Rahmen der Impressumspflicht ver\u00f6ffentlichten Kontaktdaten durch Dritte zur \u00dcbersendung von nicht ausdr\u00fccklich angeforderter Werbung und Informationsmaterialien wird hiermit ausdr\u00fccklich widersprochen. Die Betreiber der Seiten behalten sich ausdr\u00fccklich rechtliche Schritte im Falle der unverlangten Zusendung von Werbeinformationen, etwa durch Spam-Mails, vor.<\/p><strong>Auskunft, L&ouml;schung, Sperrung<\/strong><\/p> <p>Sie haben jederzeit das Recht auf unentgeltliche Auskunft &uuml;ber Ihre gespeicherten personenbezogenen Daten, deren Herkunft und Empf&auml;nger und den Zweck der Datenverarbeitung sowie ein Recht auf Berichtigung, Sperrung oder L&ouml;schung dieser Daten. Hierzu sowie zu weiteren Fragen zum Thema personenbezogene Daten k&ouml;nnen Sie sich jederzeit &uuml;ber die im Impressum angegeben Adresse des Webseitenbetreibers an uns wenden.<\/p><p>Plugin von <a href=\"http:\/\/www.impressum-manager.com\">http:\/\/www.impressum-manager.com<\/a><\/p><p>Quelle: <em><a rel=\"nofollow\" href=\"http:\/\/www.e-recht24.de\/impressum-generator.html\">http:\/\/www.e-recht24.de<\/a><\/em><\/p>\n","protected":false},"excerpt":{"rendered":"","protected":false},"author":1,"featured_media":0,"parent":0,"menu_order":0,"comment_status":"closed","ping_status":"closed","template":"","meta":{"footnotes":""},"class_list":["post-6","page","type-page","status-publish","hentry"],"_links":{"self":[{"href":"https:\/\/bahnsportpics.de\/index.php?rest_route=\/wp\/v2\/pages\/6","targetHints":{"allow":["GET"]}}],"collection":[{"href":"https:\/\/bahnsportpics.de\/index.php?rest_route=\/wp\/v2\/pages"}],"about":[{"href":"https:\/\/bahnsportpics.de\/index.php?rest_route=\/wp\/v2\/types\/page"}],"author":[{"embeddable":true,"href":"https:\/\/bahnsportpics.de\/index.php?rest_route=\/wp\/v2\/users\/1"}],"replies":[{"embeddable":true,"href":"https:\/\/bahnsportpics.de\/index.php?rest_route=%2Fwp%2Fv2%2Fcomments&post=6"}],"version-history":[{"count":0,"href":"https:\/\/bahnsportpics.de\/index.php?rest_route=\/wp\/v2\/pages\/6\/revisions"}],"wp:attachment":[{"href":"https:\/\/bahnsportpics.de\/index.php?rest_route=%2Fwp%2Fv2%2Fmedia&parent=6"}],"curies":[{"name":"wp","href":"https:\/\/api.w.org\/{rel}","templated":true}]}}